{"id":13,"date":"2014-11-11T18:51:31","date_gmt":"2014-11-11T16:51:31","guid":{"rendered":"http:\/\/neu.architekt-seiler.de\/wordpress\/?page_id=13"},"modified":"2020-09-07T10:29:49","modified_gmt":"2020-09-07T08:29:49","slug":"projekte","status":"publish","type":"page","link":"https:\/\/architekt-seiler.de\/?page_id=13","title":{"rendered":"Projekte"},"content":{"rendered":"<p><img loading=\"lazy\" decoding=\"async\" class=\"alignright wp-image-79 size-full\" src=\"http:\/\/architekt-seiler.de\/wordpress\/wp-content\/uploads\/2014\/11\/feuchtemessung_frei-e1416594689994.jpg\" alt=\"feuchtemessung_frei\" width=\"557\" height=\"400\" srcset=\"https:\/\/architekt-seiler.de\/wordpress\/wp-content\/uploads\/2014\/11\/feuchtemessung_frei-e1416594689994.jpg 557w, https:\/\/architekt-seiler.de\/wordpress\/wp-content\/uploads\/2014\/11\/feuchtemessung_frei-e1416594689994-300x215.jpg 300w\" sizes=\"(max-width: 557px) 100vw, 557px\" \/><\/p>\n<p>Seit 1987 Neubau, Umbau und Modernisierung von zahlreichen Wohnh\u00e4usern und B\u00fcrogeb\u00e4uden.<\/p>\n<p>Seit 2011 T\u00e4tigkeit als Sachverst\u00e4ndiger f\u00fcr Sch\u00e4den an Geb\u00e4uden, am 22.09.2014 \u00f6ffentliche Bestellung und Vereidigung als Sachverst\u00e4ndiger f\u00fcr Sch\u00e4den an Geb\u00e4uden durch die IHK Karlsruhe.<\/p>\n\n\n<p>2019 Verl\u00e4ngerung der Bestellung f\u00fcr weitere 5 Jahre.<\/p>\n","protected":false},"excerpt":{"rendered":"<p>Seit 1987 Neubau, Umbau und Modernisierung von zahlreichen Wohnh\u00e4usern und B\u00fcrogeb\u00e4uden. Seit 2011 T\u00e4tigkeit als Sachverst\u00e4ndiger f\u00fcr Sch\u00e4den an Geb\u00e4uden, am 22.09.2014 \u00f6ffentliche Bestellung und Vereidigung als Sachverst\u00e4ndiger f\u00fcr Sch\u00e4den an Geb\u00e4uden durch die IHK Karlsruhe. 2019 Verl\u00e4ngerung der Bestellung f\u00fcr weitere 5 Jahre.<\/p>\n","protected":false},"author":1,"featured_media":0,"parent":0,"menu_order":4,"comment_status":"closed","ping_status":"closed","template":"","meta":{"footnotes":""},"_links":{"self":[{"href":"https:\/\/architekt-seiler.de\/index.php?rest_route=\/wp\/v2\/pages\/13"}],"collection":[{"href":"https:\/\/architekt-seiler.de\/index.php?rest_route=\/wp\/v2\/pages"}],"about":[{"href":"https:\/\/architekt-seiler.de\/index.php?rest_route=\/wp\/v2\/types\/page"}],"author":[{"embeddable":true,"href":"https:\/\/architekt-seiler.de\/index.php?rest_route=\/wp\/v2\/users\/1"}],"replies":[{"embeddable":true,"href":"https:\/\/architekt-seiler.de\/index.php?rest_route=%2Fwp%2Fv2%2Fcomments&post=13"}],"version-history":[{"count":11,"href":"https:\/\/architekt-seiler.de\/index.php?rest_route=\/wp\/v2\/pages\/13\/revisions"}],"predecessor-version":[{"id":190,"href":"https:\/\/architekt-seiler.de\/index.php?rest_route=\/wp\/v2\/pages\/13\/revisions\/190"}],"wp:attachment":[{"href":"https:\/\/architekt-seiler.de\/index.php?rest_route=%2Fwp%2Fv2%2Fmedia&parent=13"}],"curies":[{"name":"wp","href":"https:\/\/api.w.org\/{rel}","templated":true}]}}