{"id":11,"date":"2014-11-11T17:49:56","date_gmt":"2014-11-11T16:49:56","guid":{"rendered":"http:\/\/neu.architekt-seiler.de\/wordpress\/?page_id=11"},"modified":"2018-04-13T14:38:53","modified_gmt":"2018-04-13T12:38:53","slug":"leistungen","status":"publish","type":"page","link":"https:\/\/architekt-seiler.de\/?page_id=11","title":{"rendered":"Leistungen"},"content":{"rendered":"<h4>als Architekt:<\/h4>\n<ul>\n<li>Neubau, Umbau, Erweiterung und Renovierung, vom Entwurf \u00fcber die Planung und\u00a0 Ausschreibung bis zur Bau\u00fcberwachung<\/li>\n<li>Modernisierungs- und Instandsetzungsma\u00dfnahmen<\/li>\n<li>Beratung bei der Umnutzung einer Immobilie<\/li>\n<\/ul>\n<address>\u00a0<\/address>\n<address><span class=\"Apple-style-span\">Freie Architekten \u00fcben ihren Beruf unabh\u00e4ngig und eigenverantwortlich aus und sind mit dieser Berufsbezeichnung in die Architektenliste eingetragen. <a title=\"Definition \u201cfreie Berufe\u201d\" href=\"http:\/\/architekt-seiler.de\/wordpress\/?page_id=51\">Mehr dazu &#8230;<\/a><\/span><\/address>\n<h4>als Sachverst\u00e4ndiger:<\/h4>\n<ul>\n<li>Gerichts- und Privatgutachten \u00fcber Baum\u00e4ngel und Bausch\u00e4den<\/li>\n<li>Gutachten f\u00fcr Versicherungen<\/li>\n<li>Gutachterliche Stellungnahmen<\/li>\n<li>Beweissicherungen<\/li>\n<li>Bautenstandsermittlung<\/li>\n<li>Fachliche Beratung, Begleitung\/Qualit\u00e4ts\u00fcberwachung w\u00e4hrend der Bauphase sowie Abnahme von Bauvorhaben und Eigentumswohnungen<\/li>\n<li>Beratung und Begutachtung bei Kauf und Verkauf einer Immobilie<\/li>\n<\/ul>\n<address>\u00a0<\/address>\n<address><span class=\"Apple-style-span\">\u00d6ffentlich bestellte Sachverst\u00e4ndige sind Fachleute, die \u00fcber besondere Erfahrung auf einem bestimmten Gebiet verf\u00fcgen und besonders zuverl\u00e4ssig sind. Sie genie\u00dfen besonderes Vertrauen, weil ihre Fachkompetenz und Zuverl\u00e4ssigkeit nach gesetzlich vorgeschriebenen Kriterien \u00fcberpr\u00fcft werden und weil ihre T\u00e4tigkeit \u00fcberwacht wird. <a title=\"Sachverst\u00e4ndige\" href=\"http:\/\/architekt-seiler.de\/wordpress\/?page_id=54\">Mehr dazu &#8230;<\/a><\/span><\/address>\n","protected":false},"excerpt":{"rendered":"<p>als Architekt: Neubau, Umbau, Erweiterung und Renovierung, vom Entwurf \u00fcber die Planung und\u00a0 Ausschreibung bis zur Bau\u00fcberwachung Modernisierungs- und Instandsetzungsma\u00dfnahmen Beratung bei der Umnutzung einer Immobilie \u00a0 Freie Architekten \u00fcben ihren Beruf unabh\u00e4ngig und eigenverantwortlich aus und sind mit dieser Berufsbezeichnung in die Architektenliste eingetragen. Mehr dazu &#8230; als Sachverst\u00e4ndiger: Gerichts- und Privatgutachten \u00fcber Baum\u00e4ngel <a class=\"more-link\" href=\"https:\/\/architekt-seiler.de\/?page_id=11\">Weiterlesen&#8230;<\/a><\/p>\n","protected":false},"author":1,"featured_media":0,"parent":0,"menu_order":3,"comment_status":"closed","ping_status":"closed","template":"","meta":{"footnotes":""},"_links":{"self":[{"href":"https:\/\/architekt-seiler.de\/index.php?rest_route=\/wp\/v2\/pages\/11"}],"collection":[{"href":"https:\/\/architekt-seiler.de\/index.php?rest_route=\/wp\/v2\/pages"}],"about":[{"href":"https:\/\/architekt-seiler.de\/index.php?rest_route=\/wp\/v2\/types\/page"}],"author":[{"embeddable":true,"href":"https:\/\/architekt-seiler.de\/index.php?rest_route=\/wp\/v2\/users\/1"}],"replies":[{"embeddable":true,"href":"https:\/\/architekt-seiler.de\/index.php?rest_route=%2Fwp%2Fv2%2Fcomments&post=11"}],"version-history":[{"count":13,"href":"https:\/\/architekt-seiler.de\/index.php?rest_route=\/wp\/v2\/pages\/11\/revisions"}],"predecessor-version":[{"id":120,"href":"https:\/\/architekt-seiler.de\/index.php?rest_route=\/wp\/v2\/pages\/11\/revisions\/120"}],"wp:attachment":[{"href":"https:\/\/architekt-seiler.de\/index.php?rest_route=%2Fwp%2Fv2%2Fmedia&parent=11"}],"curies":[{"name":"wp","href":"https:\/\/api.w.org\/{rel}","templated":true}]}}